{"id":125,"date":"2015-01-17T12:37:15","date_gmt":"2015-01-17T11:37:15","guid":{"rendered":"http:\/\/misgolu.ch\/?page_id=125"},"modified":"2015-01-18T10:46:57","modified_gmt":"2015-01-18T09:46:57","slug":"radiolarit","status":"publish","type":"page","link":"https:\/\/misgolu.ch\/?page_id=125","title":{"rendered":"Radiolarit"},"content":{"rendered":"<p>&nbsp;<\/p>\n<p><span style=\"color: #252525;\"><span style=\"font-family: sans-serif;\"><span lang=\"de-DE\">Radiolariten sind Tiefseesedimente, die aus Radiolarienschlamm entstanden sind. Radiolarien sind <a href=\"http:\/\/misgolu.ch\/wp-content\/uploads\/2015\/01\/radiolarien.jpg\" target=\"_blank\">einzellige Strahlentierchen mit einem Ger\u00fcst aus SiO2 <\/a>(Siliziumodid). Sie leben in den obersten Schichten des Meeres zusammen mit den Foraminiferen (Ger\u00fcst aus CaCO3, Kalziumkarbonat). Wenn sie sterben sinken ihre \u00dcberreste auf den Meeresgrund und kummulieren \u00fcber die Jahrtausende. Reiner Radiolarienschlamm sammelt sich nur in sehr grossen Tiefen, wo sich die anderen absinkenden Tierchen\u00fcberreste aus Kalziumkarbonat aufgel\u00f6st haben und nur das stabilere Siliziumoxid bestand hat.<\/span><\/span><\/span><\/p>\n<p><span style=\"color: #252525;\"><span style=\"font-family: sans-serif;\"><span lang=\"de-DE\"> Radiolariten k\u00f6nnen tiefrot, dunkelgr\u00fcn bis schwarz sein, je nach zustand des enthaltenen Eisens und anderen Beimengungen. Sie sind extrem hart und brechen splittrig oder muschelig. Die Fundst\u00fccke sind meist unter Faustgr\u00f6sse. <\/span><\/span><\/span><\/p>\n<p><span style=\"color: #252525;\"><span style=\"font-family: sans-serif;\"><span lang=\"de-DE\">(Weitere Infos zu Radiolariten unter <a href=\"http:\/\/www.kristallin.de\/suedliche\/lydit.htm\" target=\"_blank\">www.kristallin.de\/suedliche\/lydit.htm<\/a>)\u00a0<\/span><\/span><\/span><\/p>\n","protected":false},"excerpt":{"rendered":"<p>&nbsp; Radiolariten sind Tiefseesedimente, die aus Radiolarienschlamm entstanden sind. Radiolarien sind einzellige Strahlentierchen mit einem Ger\u00fcst aus SiO2 (Siliziumodid). Sie leben in den obersten Schichten des Meeres zusammen mit den Foraminiferen (Ger\u00fcst aus CaCO3, Kalziumkarbonat). Wenn sie sterben sinken ihre \u00dcberreste auf den Meeresgrund und kummulieren \u00fcber die Jahrtausende. Reiner\u2026<\/p>\n<p class=\"continue-reading-button\"> <a class=\"continue-reading-link\" href=\"https:\/\/misgolu.ch\/?page_id=125\">Lese mehr &#8230;<i class=\"crycon-right-dir\"><\/i><\/a><\/p>\n","protected":false},"author":1,"featured_media":0,"parent":94,"menu_order":1,"comment_status":"closed","ping_status":"closed","template":"","meta":[],"_links":{"self":[{"href":"https:\/\/misgolu.ch\/index.php?rest_route=\/wp\/v2\/pages\/125"}],"collection":[{"href":"https:\/\/misgolu.ch\/index.php?rest_route=\/wp\/v2\/pages"}],"about":[{"href":"https:\/\/misgolu.ch\/index.php?rest_route=\/wp\/v2\/types\/page"}],"author":[{"embeddable":true,"href":"https:\/\/misgolu.ch\/index.php?rest_route=\/wp\/v2\/users\/1"}],"replies":[{"embeddable":true,"href":"https:\/\/misgolu.ch\/index.php?rest_route=%2Fwp%2Fv2%2Fcomments&post=125"}],"version-history":[{"count":7,"href":"https:\/\/misgolu.ch\/index.php?rest_route=\/wp\/v2\/pages\/125\/revisions"}],"predecessor-version":[{"id":149,"href":"https:\/\/misgolu.ch\/index.php?rest_route=\/wp\/v2\/pages\/125\/revisions\/149"}],"up":[{"embeddable":true,"href":"https:\/\/misgolu.ch\/index.php?rest_route=\/wp\/v2\/pages\/94"}],"wp:attachment":[{"href":"https:\/\/misgolu.ch\/index.php?rest_route=%2Fwp%2Fv2%2Fmedia&parent=125"}],"curies":[{"name":"wp","href":"https:\/\/api.w.org\/{rel}","templated":true}]}}