{"id":137,"date":"2015-01-17T13:06:46","date_gmt":"2015-01-17T12:06:46","guid":{"rendered":"http:\/\/misgolu.ch\/?page_id=137"},"modified":"2015-02-21T07:09:07","modified_gmt":"2015-02-21T06:09:07","slug":"magnetit","status":"publish","type":"page","link":"https:\/\/misgolu.ch\/?page_id=137","title":{"rendered":"Magnetit"},"content":{"rendered":"<p><span style=\"color: #252525;\"><span style=\"font-family: sans-serif;\"><span lang=\"de-DE\"><b>Magnetit<\/b><\/span><\/span><\/span><span style=\"color: #252525;\"><span style=\"font-family: sans-serif;\"><span lang=\"de-DE\">\u00a0ist ein Mineral aus der Klasse der Oxide und Hydroxide. Chemisch beschrieben mit Fe\u2083O\u2084. Es ist die stabilste Verbindung zwischen Eisen und Sauerstoff.<\/span><\/span><\/span><\/p>\n<p><span style=\"color: #252525;\"><span style=\"font-family: sans-serif;\"><span lang=\"de-DE\">Nat\u00fcrlich entstandener Magnetit bildet oktaederf\u00f6rmige Kristalle, kann aber auch massig sein. Die Farbe geht von graubraun bis schwarz, metallisch gl\u00e4nzend. Das\u00a0Interessante am Magnetit ist sein Magnetismus, welcher es uns erm\u00f6glicht den Magnetitsand mit einem Magneten aus dem \u00fcbrigen Sand herauszuholen.<\/span><\/span><\/span><\/p>\n<p>(Weitere Informationen: <a href=\"http:\/\/de.wikipedia.org\/wiki\/Magnetit\" target=\"_blank\">Wikipedia Magnetit<\/a>)<\/p>\n","protected":false},"excerpt":{"rendered":"<p>Magnetit\u00a0ist ein Mineral aus der Klasse der Oxide und Hydroxide. Chemisch beschrieben mit Fe\u2083O\u2084. Es ist die stabilste Verbindung zwischen Eisen und Sauerstoff. Nat\u00fcrlich entstandener Magnetit bildet oktaederf\u00f6rmige Kristalle, kann aber auch massig sein. Die Farbe geht von graubraun bis schwarz, metallisch gl\u00e4nzend. Das\u00a0Interessante am Magnetit ist sein Magnetismus, welcher\u2026<\/p>\n<p class=\"continue-reading-button\"> <a class=\"continue-reading-link\" href=\"https:\/\/misgolu.ch\/?page_id=137\">Lese mehr &#8230;<i class=\"crycon-right-dir\"><\/i><\/a><\/p>\n","protected":false},"author":1,"featured_media":0,"parent":94,"menu_order":4,"comment_status":"closed","ping_status":"closed","template":"","meta":[],"_links":{"self":[{"href":"https:\/\/misgolu.ch\/index.php?rest_route=\/wp\/v2\/pages\/137"}],"collection":[{"href":"https:\/\/misgolu.ch\/index.php?rest_route=\/wp\/v2\/pages"}],"about":[{"href":"https:\/\/misgolu.ch\/index.php?rest_route=\/wp\/v2\/types\/page"}],"author":[{"embeddable":true,"href":"https:\/\/misgolu.ch\/index.php?rest_route=\/wp\/v2\/users\/1"}],"replies":[{"embeddable":true,"href":"https:\/\/misgolu.ch\/index.php?rest_route=%2Fwp%2Fv2%2Fcomments&post=137"}],"version-history":[{"count":3,"href":"https:\/\/misgolu.ch\/index.php?rest_route=\/wp\/v2\/pages\/137\/revisions"}],"predecessor-version":[{"id":187,"href":"https:\/\/misgolu.ch\/index.php?rest_route=\/wp\/v2\/pages\/137\/revisions\/187"}],"up":[{"embeddable":true,"href":"https:\/\/misgolu.ch\/index.php?rest_route=\/wp\/v2\/pages\/94"}],"wp:attachment":[{"href":"https:\/\/misgolu.ch\/index.php?rest_route=%2Fwp%2Fv2%2Fmedia&parent=137"}],"curies":[{"name":"wp","href":"https:\/\/api.w.org\/{rel}","templated":true}]}}