{"id":9,"date":"2015-01-11T15:06:12","date_gmt":"2015-01-11T14:06:12","guid":{"rendered":"http:\/\/misgolu.ch\/?page_id=9"},"modified":"2019-07-29T14:43:22","modified_gmt":"2019-07-29T12:43:22","slug":"minerale-steine-gold-luzern","status":"publish","type":"page","link":"https:\/\/misgolu.ch\/?page_id=9","title":{"rendered":"Minerale Steine Gold Luzern"},"content":{"rendered":"<div id=\"sites-canvas-main\" class=\"sites-canvas-main\">\n<div id=\"sites-canvas-main-content\">\n<div class=\"sites-layout-name-one-column-hf sites-layout-vbox\">\n<div class=\"sites-layout-tile sites-tile-name-header\">\n<div dir=\"ltr\">\n<h5><\/h5>\n<table class=\" aligncenter\" style=\"height: 319px; border-color: #ffffff; background-color: #ffffff;\" width=\"692\" cellspacing=\"2\" cellpadding=\"2\">\n<tbody>\n<tr>\n<td style=\"width: 220px; height: 300px; border-color: #ffffff; text-align: center; vertical-align: middle; background-color: #ffffff;\"><a href=\"http:\/\/misgolu.ch\/wp-content\/uploads\/2015\/05\/2015-04-12-Ausflug-Littau-Goldsuche-05.jpg\"><img loading=\"lazy\" class=\"alignnone wp-image-223\" src=\"http:\/\/misgolu.ch\/wp-content\/uploads\/2015\/05\/2015-04-12-Ausflug-Littau-Goldsuche-05-150x113.jpg\" alt=\"2015-04-12 Ausflug Littau Goldsuche-05\" width=\"200\" height=\"150\" srcset=\"https:\/\/misgolu.ch\/wp-content\/uploads\/2015\/05\/2015-04-12-Ausflug-Littau-Goldsuche-05-150x113.jpg 150w, https:\/\/misgolu.ch\/wp-content\/uploads\/2015\/05\/2015-04-12-Ausflug-Littau-Goldsuche-05-300x225.jpg 300w, https:\/\/misgolu.ch\/wp-content\/uploads\/2015\/05\/2015-04-12-Ausflug-Littau-Goldsuche-05-1024x768.jpg 1024w\" sizes=\"(max-width: 200px) 100vw, 200px\" \/><\/a><\/p>\n<p>Schatzsuche in Littau<\/td>\n<td style=\"width: 220px; height: 300px; border-color: #ffffff; text-align: center; vertical-align: middle; background-color: #ffffff;\"><span style=\"font-size: 16pt; background-color: #ffff00;\">Am Samstag<\/span><br \/>\n<span style=\"font-size: 16pt; background-color: #ffff00;\"> Am Sonntag<\/span><br \/>\n<span style=\"font-size: 16pt; background-color: #ffff00;\">in den Sommerferien<br \/>\nin den Herbstferien<\/span><br \/>\n<span style=\"background-color: #ff9900;\"><strong>schon etwas geplant???<br \/>\n<\/strong><\/span><span style=\"background-color: #00ff00;\"><strong>Warum nicht mal<br \/>\nGoldwaschen in Littau<\/strong><\/span><\/td>\n<td style=\"width: 220px; height: 300px; border-color: #ffffff; text-align: center; vertical-align: middle; background-color: #ffffff;\">&nbsp;<\/p>\n<p><a href=\"http:\/\/misgolu.ch\/wp-content\/uploads\/2016\/02\/Gr\u00f6sste_Litauer.jpg\"><img loading=\"lazy\" class=\"aligncenter size-thumbnail wp-image-286\" src=\"http:\/\/misgolu.ch\/wp-content\/uploads\/2016\/02\/Gr\u00f6sste_Litauer-150x120.jpg\" alt=\"Gr\u00f6sste Litauer\" width=\"150\" height=\"120\" srcset=\"https:\/\/misgolu.ch\/wp-content\/uploads\/2016\/02\/Gr\u00f6sste_Litauer-150x120.jpg 150w, https:\/\/misgolu.ch\/wp-content\/uploads\/2016\/02\/Gr\u00f6sste_Litauer-300x240.jpg 300w, https:\/\/misgolu.ch\/wp-content\/uploads\/2016\/02\/Gr\u00f6sste_Litauer.jpg 765w\" sizes=\"(max-width: 150px) 100vw, 150px\" \/><\/a>Gr\u00f6sste Littauer<br \/>\nGoldflitter<br \/>\nim August 2015<br \/>\n(2 mm)<\/td>\n<\/tr>\n<\/tbody>\n<\/table>\n<h5><\/h5>\n<h2><span id=\"sites-page-title\" dir=\"ltr\">Steine, Mineralien und Gold in Luzern<\/span><\/h2>\n<h5><span style=\"font-size: 12pt; font-family: arial, helvetica, sans-serif;\">Schatzsuche in Luzern? Ja, denn die Umgebung von Luzern hat weit mehr zu bieten als Tourismus, Musik und Geschichte.<\/span><\/h5>\n<h5><span style=\"font-size: medium;\"><span style=\"font-family: arial, helvetica, sans-serif; font-size: 12pt;\">D<\/span><\/span><span style=\"font-size: 12pt; font-family: arial, helvetica, sans-serif;\">ie Kleine Emme, die im Napfgebiet entspringt, bringt das Ger\u00f6ll der Uralpen direkt vor die Tore Luzerns.<br \/>\n<\/span><span style=\"font-size: 12pt; font-family: arial, helvetica, sans-serif;\">Darin sind viele verschiedene Steine enthalten, von denen jeder seine eigene Geschichte erz\u00e4hlen kann.<br \/>\n<\/span><span style=\"font-size: 12pt; font-family: arial, helvetica, sans-serif;\">Von Graniten, \u00fcber Kalksteine und Wacken bis zu Sandsteinen in den unterschiedlichsten Formen und<br \/>\nFarben kann man alles Finden.<\/span><\/h5>\n<h5><span style=\"font-family: arial, helvetica, sans-serif; font-size: 12pt;\">Ja, mit ein bisschen Geduld und Ausdauer kann man sogar Gold finden!<br \/>\n<\/span><span style=\"font-size: 12pt; font-family: arial, helvetica, sans-serif;\">Es braucht nur eine kleine Schaufel und eine Goldwaschpfanne und<br \/>\nschon bald funkelt ein unverkennbares P\u00fcnktchen oder Pl\u00e4ttchen in der Pfanne.<\/span><\/h5>\n<h5><span style=\"font-size: 12pt; font-family: arial, helvetica, sans-serif;\">Man wird \u00fcberrascht sein, was da sonst noch alles zum Vorschein kommt.<\/span><\/h5>\n<h5><span style=\"font-size: 12pt; font-family: arial, helvetica, sans-serif;\">Vom nat\u00fcrlichen Magnetitsand bis zu allerlei \u00dcberresten der Zivilisation entlang der Kleinen Emme und ihren Zufl\u00fcssen.<\/span><\/h5>\n<h5><span style=\"font-size: 12pt;\"><span style=\"font-family: arial, helvetica, sans-serif;\">Interessiert ? Neugierig geworden ? Dann gehe auf die Seite<\/span> <a title=\"Aktivit\u00e4ten\" href=\"http:\/\/misgolu.ch\/?page_id=90\">Aktivit\u00e4ten.<\/a>\u00a0<\/span><\/h5>\n<div id=\"attachment_29\" style=\"width: 310px\" class=\"wp-caption aligncenter\"><a href=\"http:\/\/misgolu.ch\/wp-content\/uploads\/2015\/01\/Emmen-Gold-Littau-2013-2.jpg\" target=\"_blank\" rel=\"noopener noreferrer\"><img aria-describedby=\"caption-attachment-29\" loading=\"lazy\" class=\"wp-image-29 size-medium\" src=\"http:\/\/misgolu.ch\/wp-content\/uploads\/2015\/01\/Emmen-Gold-Littau-2013-2-300x276.jpg\" alt=\"Emmen-Gold Littau-2013\" width=\"300\" height=\"276\" srcset=\"https:\/\/misgolu.ch\/wp-content\/uploads\/2015\/01\/Emmen-Gold-Littau-2013-2-300x276.jpg 300w, https:\/\/misgolu.ch\/wp-content\/uploads\/2015\/01\/Emmen-Gold-Littau-2013-2-150x138.jpg 150w, https:\/\/misgolu.ch\/wp-content\/uploads\/2015\/01\/Emmen-Gold-Littau-2013-2-1024x941.jpg 1024w, https:\/\/misgolu.ch\/wp-content\/uploads\/2015\/01\/Emmen-Gold-Littau-2013-2-800x735.jpg 800w\" sizes=\"(max-width: 300px) 100vw, 300px\" \/><\/a><p id=\"caption-attachment-29\" class=\"wp-caption-text\">Emmengold mit Blei aus Littau<\/p><\/div>\n<h5><\/h5>\n<\/div>\n<\/div>\n<\/div>\n<\/div>\n<\/div>\n","protected":false},"excerpt":{"rendered":"<p>Schatzsuche in Littau Am Samstag Am Sonntag in den Sommerferien in den Herbstferien schon etwas geplant??? Warum nicht mal Goldwaschen in Littau &nbsp; Gr\u00f6sste Littauer Goldflitter im August 2015 (2 mm) Steine, Mineralien und Gold in Luzern Schatzsuche in Luzern? Ja, denn die Umgebung von Luzern hat weit mehr zu\u2026<\/p>\n<p class=\"continue-reading-button\"> <a class=\"continue-reading-link\" href=\"https:\/\/misgolu.ch\/?page_id=9\">Lese mehr &#8230;<i class=\"crycon-right-dir\"><\/i><\/a><\/p>\n","protected":false},"author":1,"featured_media":0,"parent":0,"menu_order":0,"comment_status":"open","ping_status":"closed","template":"","meta":[],"_links":{"self":[{"href":"https:\/\/misgolu.ch\/index.php?rest_route=\/wp\/v2\/pages\/9"}],"collection":[{"href":"https:\/\/misgolu.ch\/index.php?rest_route=\/wp\/v2\/pages"}],"about":[{"href":"https:\/\/misgolu.ch\/index.php?rest_route=\/wp\/v2\/types\/page"}],"author":[{"embeddable":true,"href":"https:\/\/misgolu.ch\/index.php?rest_route=\/wp\/v2\/users\/1"}],"replies":[{"embeddable":true,"href":"https:\/\/misgolu.ch\/index.php?rest_route=%2Fwp%2Fv2%2Fcomments&post=9"}],"version-history":[{"count":50,"href":"https:\/\/misgolu.ch\/index.php?rest_route=\/wp\/v2\/pages\/9\/revisions"}],"predecessor-version":[{"id":527,"href":"https:\/\/misgolu.ch\/index.php?rest_route=\/wp\/v2\/pages\/9\/revisions\/527"}],"wp:attachment":[{"href":"https:\/\/misgolu.ch\/index.php?rest_route=%2Fwp%2Fv2%2Fmedia&parent=9"}],"curies":[{"name":"wp","href":"https:\/\/api.w.org\/{rel}","templated":true}]}}